o**4/12 + o. Calculate the remainder when l(-3) is divided by 10.
8
Suppose -4*g - 8*i + 3*i + 9 = 0, -5*g - 4*i = -18. Let c(f) = 3*f + 5. Let v = 29 + -21. What is the remainder when c(g) is divided by v?
7
Calculate the remainder when 42 is divided by (-1)/(-27)*6 - (-158)/18.
6
Let o = -6 + 12. Suppose -o = -7*x + 4*x. Calculate the remainder when 2 is divided by x.
0
Suppose 5*a = -11 + 36. Let j(u) = -7*u + 11*u + 3 - 8. Calculate the remainder when 28 is divided by j(a).
13
Suppose 0 = 4*n - 2*c - 62, 0*c + 3*c = 4*n - 57. Calculate the remainder when 34 is divided by n.
16
Let q(r) = r**3 + 9*r**2 + 5*r - 3. What is the remainder when q(-5) is divided by 25?
22
Let y be (-1)/5 - (-366)/5. Let i = -48 + y. What is the remainder when 98 is divided by i?
23
Suppose -3*x + 28 + 65 = 2*q, 0 = -4*q + x + 207. Calculate the remainder when 202 is divided by q.
49
Suppose -3 - 1 = -b. Suppose -5*r + 1 = -b. What is the remainder when 32 is divided by 13 - (r - 1/(-1))?
10
Suppose -1986 = -3*r + 3*i, -i - 1983 = -3*r + 3*i. Suppose r = k + 4*k. What is the remainder when k is divided by 34?
31
Suppose 2*h = -g + 66, 4*g = -0*g + 16. Calculate the remainder when h is divided by 11.
9
Let o(i) = i**2 - 2*i + 15. What is the remainder when 74 is divided by o(0)?
14
Let o = -30 - -27. What is the remainder when 4 - (o + 7 + -33) is divided by 12?
9
Let t(f) = 3*f - 12. Let h(c) = 9*c**3 + 2*c**2 - 1. Let a be h(1). Calculate the remainder when 33 is divided by t(a).
15
What is the remainder when 9 is divided by (0 - -7) + -2*15/10?
1
Let f be (-2)/6*-3*53. Suppose -3*r + 4 = -2. Suppose -4*x + 7*x + 4*s - f = 0, -r*x + 24 = -3*s. Calculate the remainder when 28 is divided by x.
13
Suppose 25*v - 14 = 24*v. Let z(p) = p**2 - 4. What is the remainder when v is divided by z(-3)?
4
Suppose 0 = -u + 3*o + 6, -o - 5 = -2. Let d = u + 11. What is the remainder when ((-22 - 1)*-1)/1 is divided by d?
7
Suppose -3*g = 2*g + 5*x - 430, -5*g + 438 = 3*x. What is the remainder when g is divided by 23?
21
Let q = 25 - 14. Suppose -l = 2, -2*l + 94 = 2*f - 7*l. Calculate the remainder when f is divided by q.
9
Suppose -3*f - 2*i = -7*i - 69, f + 2*i - 34 = 0. Let d = 31 - 21. What is the remainder when f is divided by d?
8
Let j be (-36)/(-45)*(-5)/2. Let c(p) = -3*p - 1. Let g(q) = q**2 + 9*q + 3. Let b(s) = 7*c(s) + 2*g(s). What is the remainder when 37 is divided by b(j)?
11
Let v be -4 + 1 - (-10 - -3). Let o be (-89)/(-2) + (-2)/v. Let s = 63 - o. What is the remainder when s is divided by 10?
9
Suppose 4*a + 2*y + 6 = 0, -4*y + 7*y = 5*a - 9. Suppose a*t - t - 4 = 0. Let k(l) = -l**3 - 2*l**2 + 2*l - 4. What is the remainder when k(t) is divided by 7?
6
Let r(b) = 2*b + 19. Calculate the remainder when r(6) is divided by 21.
10
Let v = 52 - 28. Suppose 0 = -q + 37 + 58. What is the remainder when q is divided by v?
23
Calculate the remainder when 54 is divided by (-2)/10 - 1728/(-90).
16
Suppose -4*x - 852 = -4*w, -2*w + 5*x + 231 = -189. Suppose 6*d - d - w = 0. Let v(a) = -a**2 - 12*a - 12. Calculate the remainder when d is divided by v(-9).
13
Suppose -q - 3 = 3*l, -l + 0*l - 1 = 2*q. Suppose q = 2*n + 2*n - 56. Suppose -x - 10 = -37. Calculate the remainder when x is divided by n.
13
What is the remainder when 112 is divided by (((-69)/(-6))/1)/((-13)/(-26))?
20
Suppose 0 = 3*q + 2*u - 92, -3*q - 5*u = -0*q - 104. What is the remainder when (-15)/(-20) + (2 - 615/(-12)) is divided by q?
26
Let c = 0 - -45. Calculate the remainder when c is divided by 12.
9
Suppose 0 = -7*d - 3*d + 120. Calculate the remainder when 45 is divided by d.
9
Let z = 165 - 128. What is the remainder when z is divided by (-26)/((4 - 2) + -4)?
11
Let n be (-4)/(-12) - (-11)/3. What is the remainder when 27 is divided by (n - 3)*12 - -3?
12
Let l = -49 + 87. What is the remainder when l is divided by 10?
8
Suppose 0 = 5*g - 10*g + 130. Let i(u) = u**2 - u - 5. Calculate the remainder when i(6) is divided by (0 + g/(-6))*-3.
12
Let j(f) = -5 + 1 + 0 + f**2. Calculate the remainder when 34 is divided by j(-4).
10
Let i = -20 + 46. Suppose 17 = 5*o - 58. Calculate the remainder when i is divided by o.
11
Suppose -2*u = 10 - 42. Calculate the remainder when 62 is divided by u.
14
Suppose c = -3*c - 12. Let d be (-3 - -3)*(0 + 1). What is the remainder when 4 is divided by (d + 0)/c - -2?
0
Suppose -2*f + 15 + 9 = 3*q, 4*q - 55 = 5*f. Suppose 5*o + 2*p = -18, 2*o + q = 5*o - 4*p. Calculate the remainder when 1/o - (-51)/2 is divided by 13.
12
Calculate the remainder when (-6 + (3 - 5))*-2 is divided by 10.
6
Suppose -4*v = -4*k - 44, -3*v + 6*v = -4*k + 5. What is the remainder when 12 is divided by v?
5
Let j = -10 - -36. Suppose -a = a - j. Let g(n) = n**2 - 4*n - 5. What is the remainder when a is divided by g(6)?
6
Let t(j) = 6*j**2 + 3*j - 8. What is the remainder when t(2) is divided by 8?
6
Let s = -23 + 29. Calculate the remainder when 27 is divided by s.
3
Let o(h) = h**2 - 4*h**2 - 3*h - h**2 - 2*h**3 - 2. Suppose -3*k - 4*b + 46 = 0, 7*b = 5*k + 3*b - 34. Calculate the remainder when k is divided by o(-2).
2
Calculate the remainder when (1/(-2))/(2/(-292)) is divided by 37.
36
Suppose -3*f + 46 = 2*h, 0 = -2*h - 5*f + 40 - 2. What is the remainder when 85 is divided by h?
27
Suppose -166 = -6*h + 2. What is the remainder when h is divided by 15?
13
Let j(k) = -k**3 - k**2 + 6*k - 3. Let f be j(-6). Let x = f + -100. Calculate the remainder when x is divided by 14.
13
Suppose -3*o = t - 43 + 1, 5*t - 15 = 0. Suppose -z - i = -12, 0 = 3*z - 4*i + 2 - 3. Calculate the remainder when o is divided by z.
6
Let a(k) = -k**2 - 10*k + 5. Calculate the remainder when a(-9) is divided by 3.
2
Let n be (1 + (-1)/2)*4. Suppose r + 3*r = 2*h, h = -n*r + 8. Suppose -2*c = -h*c + 12. What is the remainder when 10 is divided by c?
4
Suppose 3*r + 0*r - 36 = 0. Calculate the remainder when 35 is divided by r.
11
Let k = 0 - -16. Let n be (-2)/4*58/1. What is the remainder when k is divided by n/(-3) - (-2)/(-3)?
7
What is the remainder when 2/(-4) + 1107/18 is divided by 32?
29
Let a(s) = s**3 - s**2 - 4*s + 5. Suppose 3*k = -47 + 173. Let b = k + -29. Calculate the remainder when a(4) is divided by b.
11
What is the remainder when 56 is divided by -5 + 21 - (-1 + 2)/1?
11
Calculate the remainder when ((-20)/14)/((-11)/77) is divided by 4.
2
What is the remainder when 62 is divided by (-6)/(134/(-32) - -4)?
30
Calculate the remainder when 36 is divided by 80/(-25)*(-15)/6.
4
Suppose 2*d - 6*d = 20, 5*d + 13 = -4*c. Suppose -c*y = -2*y - 53. Let q = 78 - y. What is the remainder when q is divided by 13?
12
Suppose 5*l - 10 = -5. Calculate the remainder when 4 is divided by l.
0
Let f(g) = -g**2 - 8*g + 11. Let d be f(-8). Let n = -6 + d. Calculate the remainder when 16 is divided by -1*(-12)/10*n.
4
Let c(z) = 4*z**2 - 2*z + 3. Let l be c(2). Suppose -4*v + l = v. What is the remainder when 11 is divided by v?
2
Let x(z) = -z**3 - 2*z**2 - 4*z - 3. Let g(s) = -s**3 + 6*s**2 - s + 8. Calculate the remainder when x(-2) is divided by g(6).
1
Suppose 98 = 3*f - 151. Suppose -v = -3*s + s + f, 4*s - 5*v - 157 = 0. Calculate the remainder when s is divided by 15.
13
Let g(i) = i + 18. Let r be g(-16). Suppose -u - 69 = 5*s - 209, 56 = r*s + u. What is the remainder when s is divided by 15?
13
Suppose x + 9 = 1. Let d = x + 25. Suppose 2*b = b + 6. What is the remainder when d is divided by b?
5
Suppose 0 = 2*w - 4*z + 8, 3*w = -z + 2*z - 2. Suppose w = -6*y + y + 20. What is the remainder when y is divided by 2?
0
Calculate the remainder when 38 is divided by 10 - (-4)/(-8)*0.
8
Suppose 5*a - 4*a = 2, d - 3*a = 0. Calculate the remainder when 35 is divided by d.
5
Suppose -3*u = b - 58, -2*u - 5*b = -3*u + 14. Suppose -3*z = 65 + 34. Let f = 4 - z. What is the remainder when f is divided by u?
18
Suppose i - 17 = -5*p - 2, -4 = 4*i + 4*p. Let y = 18 + i. What is the remainder when 24 is divided by y?
11
Let k = -5 + 29. Calculate the remainder when 29 is divided by 82/8 - 6/k.
9
Let b = -37 + 47. What is the remainder when 18 is divided by b?
8
Let l = -2 - -4. Suppose 0 = -4*y - 3*a + 73, -2*y = -3*y - 4*a + l. Let z(q) = q**3 + 6*q**2 + 4*q - 4. Calculate the remainder when y is divided by z(